{"id":103,"date":"2024-01-29T20:23:34","date_gmt":"2024-01-29T19:23:34","guid":{"rendered":"http:\/\/www.lsv-wien.at\/sc-donau_new\/?page_id=103"},"modified":"2025-11-24T17:41:59","modified_gmt":"2025-11-24T16:41:59","slug":"schwimmen","status":"publish","type":"page","link":"https:\/\/www.sc-donau.at\/?page_id=103","title":{"rendered":"Schwimmen"},"content":{"rendered":"\t\t<div data-elementor-type=\"wp-page\" data-elementor-id=\"103\" class=\"elementor elementor-103\">\n\t\t\t\t<div class=\"elementor-element elementor-element-a181166 e-flex e-con-boxed e-con e-parent\" data-id=\"a181166\" data-element_type=\"container\" data-core-v316-plus=\"true\">\n\t\t\t\t\t<div class=\"e-con-inner\">\n\t\t\t\t<div class=\"elementor-element elementor-element-fa6ceee elementor-widget elementor-widget-text-editor\" data-id=\"fa6ceee\" data-element_type=\"widget\" data-widget_type=\"text-editor.default\">\n\t\t\t\t<div class=\"elementor-widget-container\">\n\t\t\t<style>\/*! elementor - v3.20.0 - 26-03-2024 *\/\n.elementor-widget-text-editor.elementor-drop-cap-view-stacked .elementor-drop-cap{background-color:#69727d;color:#fff}.elementor-widget-text-editor.elementor-drop-cap-view-framed .elementor-drop-cap{color:#69727d;border:3px solid;background-color:transparent}.elementor-widget-text-editor:not(.elementor-drop-cap-view-default) .elementor-drop-cap{margin-top:8px}.elementor-widget-text-editor:not(.elementor-drop-cap-view-default) .elementor-drop-cap-letter{width:1em;height:1em}.elementor-widget-text-editor .elementor-drop-cap{float:left;text-align:center;line-height:1;font-size:50px}.elementor-widget-text-editor .elementor-drop-cap-letter{display:inline-block}<\/style>\t\t\t\t<p>Hier die wichtigsten Informationen und Rahmenbedingungen f\u00fcr eine m\u00f6gliche Aufnahme in eine der Vereins-Trainingsgruppen:<\/p><p>\u00a0<\/p><p><strong>Trainingsorte:<\/strong><\/p><p>Derzeit findet das Schwimmtraining in folgenden Hallenb\u00e4dern statt:<\/p><ul><li>J\u00f6rgerbad (1170 Wien)<\/li><li>Hallenbad Floridsdorf (1210 Wien)<\/li><li>Hallenbad Gro\u00dffeldsiedlung (1210 Wien)<\/li><\/ul><p>Bitte beachte, dass das Training mehrmals pro Woche und \u2013 abh\u00e4ngig vom Wochentag \u2013 in unterschiedlichen B\u00e4dern stattfindet.<\/p><p>Eine regelm\u00e4\u00dfige Teilnahme an m\u00f6glichst allen Trainingseinheiten ist f\u00fcr die kontinuierliche Weiterentwicklung (auch der gesamten Trainingsgruppe) wichtig.<\/p><p>\u00a0<\/p><p><strong>Voraussetzungen f\u00fcr die Aufnahme<\/strong>:<\/p><p>F\u00fcr die Aufnahme in unseren Verein sollten zumindest die Schwimmlagen Kraul (Freistil) und R\u00fccken in Feinform sowie Brust in Grobform beherrscht werden.<\/p><p>Diese Voraussetzungen werden im Rahmen eines Vorschwimmens von unseren Trainer*innen \u00fcberpr\u00fcft. Anschlie\u00dfend erfolgt eine R\u00fcckmeldung in Abstimmung mit dem Vereinsvorstand.<\/p><p>\u00a0<\/p><p><strong>Wettkampfteilnahme<\/strong>:<\/p><p>F\u00fcr eine dauerhafte Mitgliedschaft ist die Teilnahme an mindestens zwei Wettk\u00e4mpfen pro Jahr vorgesehen. Diese ist notwendig, da die Zuteilung von Schwimmbahnen durch den Wiener Landesschwimmverband an die Wettkampfaktivit\u00e4t der Vereine gekoppelt ist.<\/p><p>\u00a0<\/p><p><strong>Weitere Anforderungen<\/strong>:<\/p><p>F\u00fcr die Teilnahme an Wettk\u00e4mpfen ist einmal j\u00e4hrlich eine sport\u00e4rztliche Untersuchung (Allgemein- oder Sportmediziner*in) erforderlich.<\/p><p>Bei einer Aufnahme wird eine Wettkampflizenz beim \u00d6sterreichischen Schwimmverband (OSV) \u00fcber den Verein beantragt.<\/p>\t\t\t\t\t\t<\/div>\n\t\t\t\t<\/div>\n\t\t\t\t\t<\/div>\n\t\t\t\t<\/div>\n\t\t<div class=\"elementor-element elementor-element-d3ac022 e-flex e-con-boxed e-con e-parent\" data-id=\"d3ac022\" data-element_type=\"container\" data-core-v316-plus=\"true\">\n\t\t\t\t\t<div class=\"e-con-inner\">\n\t\t<div class=\"elementor-element elementor-element-d0e0631 e-con-full e-flex e-con e-child\" data-id=\"d0e0631\" data-element_type=\"container\">\n\t\t\t\t<div class=\"elementor-element elementor-element-47d93a8 elementor-widget elementor-widget-text-editor\" data-id=\"47d93a8\" data-element_type=\"widget\" data-widget_type=\"text-editor.default\">\n\t\t\t\t<div class=\"elementor-widget-container\">\n\t\t\t\t\t\t\t<p>\u00a0<\/p><div>\u00a0<\/div>\t\t\t\t\t\t<\/div>\n\t\t\t\t<\/div>\n\t\t\t\t<\/div>\n\t\t\t\t\t<\/div>\n\t\t\t\t<\/div>\n\t\t\t\t<\/div>\n\t\t","protected":false},"excerpt":{"rendered":"<p>Hier die wichtigsten Informationen und Rahmenbedingungen f\u00fcr eine m\u00f6gliche Aufnahme in eine der Vereins-Trainingsgruppen: \u00a0 Trainingsorte: Derzeit findet das Schwimmtraining in folgenden Hallenb\u00e4dern statt: J\u00f6rgerbad (1170 Wien) Hallenbad Floridsdorf (1210 Wien) Hallenbad Gro\u00dffeldsiedlung (1210 Wien) Bitte beachte, dass das Training mehrmals pro Woche und \u2013 abh\u00e4ngig vom Wochentag \u2013 in unterschiedlichen B\u00e4dern stattfindet. Eine regelm\u00e4\u00dfige [&hellip;]<\/p>\n","protected":false},"author":1,"featured_media":0,"parent":13,"menu_order":0,"comment_status":"closed","ping_status":"closed","template":"","meta":{"footnotes":""},"class_list":["post-103","page","type-page","status-publish","hentry"],"_links":{"self":[{"href":"https:\/\/www.sc-donau.at\/index.php?rest_route=\/wp\/v2\/pages\/103","targetHints":{"allow":["GET"]}}],"collection":[{"href":"https:\/\/www.sc-donau.at\/index.php?rest_route=\/wp\/v2\/pages"}],"about":[{"href":"https:\/\/www.sc-donau.at\/index.php?rest_route=\/wp\/v2\/types\/page"}],"author":[{"embeddable":true,"href":"https:\/\/www.sc-donau.at\/index.php?rest_route=\/wp\/v2\/users\/1"}],"replies":[{"embeddable":true,"href":"https:\/\/www.sc-donau.at\/index.php?rest_route=%2Fwp%2Fv2%2Fcomments&post=103"}],"version-history":[{"count":31,"href":"https:\/\/www.sc-donau.at\/index.php?rest_route=\/wp\/v2\/pages\/103\/revisions"}],"predecessor-version":[{"id":1706,"href":"https:\/\/www.sc-donau.at\/index.php?rest_route=\/wp\/v2\/pages\/103\/revisions\/1706"}],"up":[{"embeddable":true,"href":"https:\/\/www.sc-donau.at\/index.php?rest_route=\/wp\/v2\/pages\/13"}],"wp:attachment":[{"href":"https:\/\/www.sc-donau.at\/index.php?rest_route=%2Fwp%2Fv2%2Fmedia&parent=103"}],"curies":[{"name":"wp","href":"https:\/\/api.w.org\/{rel}","templated":true}]}}