{"id":13,"date":"2024-01-28T20:55:36","date_gmt":"2024-01-28T19:55:36","guid":{"rendered":"http:\/\/www.lsv-wien.at\/sc-donau_new\/?page_id=13"},"modified":"2025-11-25T16:25:42","modified_gmt":"2025-11-25T15:25:42","slug":"das-neue-museum-oeffnet-seine-tueren-2","status":"publish","type":"page","link":"https:\/\/www.sc-donau.at\/","title":{"rendered":"Erster Wiener Donau Schwimmclub 1903"},"content":{"rendered":"<p><\/p>\n<p>Der im Jahre 1903 gegr\u00fcndete &#8222;Erste Wiener Donau Schwimm Club&#8220; ist heute der \u00e4lteste reine Schwimmverein \u00d6sterreichs.<\/p>\n<p>Urspr\u00fcnglich wurde in erster Linie das Stromschwimmen praktiziert.\u00a0<\/p>\n<p>Daraus entwickelte sich, vor allem durch die im Jahre1921 an der\u00a0Alten Donau gepachtete Liegenschaft, ein geregelter Schwimm- und Trainingsbetrieb.<\/p>\n<p>Heute trainieren die Sportlerinnen und Sportler vor allem im Floridsdorferbad und im J\u00f6rgerbad, sowie die Leistungssportgruppe im Stadthallenbad.\u00a0<\/p>\n<p>Im Sommer finden regelm\u00e4\u00dfige Trainings an der Alten Donau im Freiwasser oder dem eigenen schwimmenden Becken statt.\u00a0<\/p>\n<p>\u00a0<\/p>\n<p>Bankverbindung:<\/p>\n<p>Erste Bank<\/p>\n<p>IBAN: AT08 2011 1821 6111 8500<\/p>\n<p>BIC: GIBAATWWWXXX<\/p>\n<p>\u00a0<\/p>\n<p><\/p>\t\t\n\t\t\t<style>\/*! elementor - v3.20.0 - 26-03-2024 *\/\n.elementor-widget-image{text-align:center}.elementor-widget-image a{display:inline-block}.elementor-widget-image a img[src$=\".svg\"]{width:48px}.elementor-widget-image img{vertical-align:middle;display:inline-block}<\/style>\t\t\t\t\t\t\t\t\t\t<img fetchpriority=\"high\" decoding=\"async\" width=\"580\" height=\"227\" src=\"https:\/\/www.sc-donau.at\/wp-content\/uploads\/2024\/03\/19577254_1320756101377853_889338955783199587_o-1024x401.jpg\" alt=\"\" srcset=\"https:\/\/www.sc-donau.at\/wp-content\/uploads\/2024\/03\/19577254_1320756101377853_889338955783199587_o-1024x401.jpg 1024w, https:\/\/www.sc-donau.at\/wp-content\/uploads\/2024\/03\/19577254_1320756101377853_889338955783199587_o-300x118.jpg 300w, https:\/\/www.sc-donau.at\/wp-content\/uploads\/2024\/03\/19577254_1320756101377853_889338955783199587_o-768x301.jpg 768w, https:\/\/www.sc-donau.at\/wp-content\/uploads\/2024\/03\/19577254_1320756101377853_889338955783199587_o-1200x470.jpg 1200w, https:\/\/www.sc-donau.at\/wp-content\/uploads\/2024\/03\/19577254_1320756101377853_889338955783199587_o.jpg 1533w\" sizes=\"(max-width: 580px) 100vw, 580px\" \/>\t\t\t\t\t\t\t\t\t\t\t\t\t\n\t\t<p>Unser Clubgel\u00e4nde findest du an der Alten Donau Dampfschiffhaufen 53, 1220 Wien<\/p>","protected":false},"excerpt":{"rendered":"<p>Der im Jahre 1903 gegr\u00fcndete &#8222;Erste Wiener Donau Schwimm Club&#8220; ist heute der \u00e4lteste reine Schwimmverein \u00d6sterreichs. Urspr\u00fcnglich wurde in erster Linie das Stromschwimmen praktiziert.\u00a0 Daraus entwickelte sich, vor allem durch die im Jahre1921 an der\u00a0Alten Donau gepachtete Liegenschaft, ein geregelter Schwimm- und Trainingsbetrieb. Heute trainieren die Sportlerinnen und Sportler vor allem im Floridsdorferbad und [&hellip;]<\/p>\n","protected":false},"author":1,"featured_media":0,"parent":0,"menu_order":0,"comment_status":"closed","ping_status":"closed","template":"","meta":{"footnotes":""},"class_list":["post-13","page","type-page","status-publish","hentry"],"_links":{"self":[{"href":"https:\/\/www.sc-donau.at\/index.php?rest_route=\/wp\/v2\/pages\/13","targetHints":{"allow":["GET"]}}],"collection":[{"href":"https:\/\/www.sc-donau.at\/index.php?rest_route=\/wp\/v2\/pages"}],"about":[{"href":"https:\/\/www.sc-donau.at\/index.php?rest_route=\/wp\/v2\/types\/page"}],"author":[{"embeddable":true,"href":"https:\/\/www.sc-donau.at\/index.php?rest_route=\/wp\/v2\/users\/1"}],"replies":[{"embeddable":true,"href":"https:\/\/www.sc-donau.at\/index.php?rest_route=%2Fwp%2Fv2%2Fcomments&post=13"}],"version-history":[{"count":56,"href":"https:\/\/www.sc-donau.at\/index.php?rest_route=\/wp\/v2\/pages\/13\/revisions"}],"predecessor-version":[{"id":1710,"href":"https:\/\/www.sc-donau.at\/index.php?rest_route=\/wp\/v2\/pages\/13\/revisions\/1710"}],"wp:attachment":[{"href":"https:\/\/www.sc-donau.at\/index.php?rest_route=%2Fwp%2Fv2%2Fmedia&parent=13"}],"curies":[{"name":"wp","href":"https:\/\/api.w.org\/{rel}","templated":true}]}}